e 16) to base 6
-4304435
What is -20304000 (base 5) in base 15?
-34350
What is 54aa (base 13) in base 7?
46256
What is 100100001011000001 (base 2) in base 7?
1154646
What is 3424033 (base 6) in base 4?
222213111
Convert -133230130 (base 4) to base 6.
-2441004
Convert -1366343 (base 7) to base 8.
-550610
What is -41530502 (base 7) in base 5?
-1344101211
What is 63cd23 (base 14) in base 10?
3377699
Convert 10583610 (base 10) to base 15.
de0d40
Convert 35321305 (base 7) to base 16.
2f8660
What is -4012355 (base 6) in base 2?
-101110000001001111
Convert 108a52 (base 13) to base 12.
16a082
What is -377967 (base 11) in base 12?
-248b87
Convert -323320200 (base 4) to base 9.
-413413
What is -10010011111010010111001 (base 2) in base 6?
-251514441
What is 10010010110100111011 (base 2) in base 3?
1010112222012
Convert -122303030 (base 4) to base 14.
-2c00c
14d6cb (base 16) to base 15
1be9c2
2a838 (base 13) to base 15
18cb1
63406 (base 8) to base 7
136615
What is 436a78 (base 13) in base 10?
1585826
-303560 (base 7) to base 14
-14bd7
Convert 2143312343 (base 5) to base 13.
c75101
-10010020221 (base 3) to base 11
-4216a
What is 17356 (base 16) in base 12?
4701a
What is -c14ca (base 13) in base 4?
-1110122223
What is 111002121202 (base 3) in base 11?
166754
What is 152708 (base 9) in base 4?
112322333
What is -10097b (base 12) in base 5?
-31001343
What is -1215320 (base 6) in base 15?
-14289
-4388586 (base 10) to base 9
-8228006
2201751 (base 8) to base 9
1100412
Convert -974750 (base 11) to base 7.
-16146530
What is -1011111011111 (base 2) in base 10?
-6111
Convert 78288 (base 9) to base 16.
cb21
Convert 21137220 (base 8) to base 9.
8426013
Convert 51520 (base 14) to base 9.
327561
Convert -3c9c6 (base 16) to base 12.
-bb806
What is 25243514 (base 6) in base 10?
814726
Convert -335d84 (base 14) to base 5.
-421320404
Convert 403421140 (base 5) to base 10.
1623295
Convert -481d3 (base 15) to base 2.
-111000001000100011
212110221011 (base 3) to base 15
91de1
What is 276002 (base 8) in base 6?
2030214
-3322322211 (base 4) to base 9
-1835723
-a8dccd (base 15) to base 9
-16122334
-1003150 (base 6) to base 8
-134412
What is -13970 (base 15) in base 8?
-172640
Convert 6040195 (base 10) to base 3.
102100212120221
-10001302002 (base 4) to base 11
-661326
Convert -1124234 (base 5) to base 8.
-50131
Convert 384885 (base 11) to base 3.
1010211012010
What is 33ae (base 16) in base 3?
200011000
What is -13664 (base 10) in base 11?
-a2a2
Convert 1010974 (base 13) to base 11.
2818142
-16013566 (base 7) to base 12
-61b2b4
Convert -170249 (base 13) to base 3.
-1002001010002
2343201 (base 9) to base 11
797154
What is 103323304 (base 8) in base 14?
24c028c
Convert 311034141 (base 5) to base 3.
2101102102200
What is 3214955 (base 11) in base 10?
5657899
134e3 (base 15) to base 8
170647
-13307315 (base 9) to base 10
-6559799
Convert -7b5379 (base 12) to base 10.
-1979085
-145487 (base 10) to base 16
-2384f
Convert -2122323233 (base 4) to base 2.
-10011010111011101111
What is -ba6b2 (base 13) in base 15?
-69e1a
-34656 (base 7) to base 11
-6770
Convert 1000011220120 (base 3) to base 7.
4355553
What is -32a3b8 (base 12) in base 16?
-c4bbc
Convert 1101001001001011010101 (base 2) to base 7.
41200035
15857a (base 11) to base 8
737534
Convert -2200a0 (base 11) to base 10.
-351494
Convert -c3da4b (base 15) to base 14.
-13450cb
Convert -ca823 (base 13) to base 12.
-157a2b
-44230 (base 15) to base 12
-a5353
What is 2000202211011 (base 3) in base 16?
10732c
705775 (base 10) to base 8
2542357
What is 1110100100001110 (base 2) in base 6?
1140114
What is 147065 (base 8) in base 2?
1100111000110101
What is 3033130202 (base 4) in base 11?
530433
Convert 1946865 (base 10) to base 11.
110a788
What is -666602 (base 8) in base 13?
-7b332
-19711 (base 16) to base 9
-167847
What is 20000111201021 (base 3) in base 4?
30030322303
-10101220221022 (base 3) to base 16
-1b9bb4
Convert -432031 (base 8) to base 12.
-6b6a1
10151658 (base 9) to base 5
2222013331
Convert -a53a2 (base 11) to base 4.
-211133010
Convert 14b316 (base 12) to base 16.
55c02
What is -5824ae (base 16) in base 14?
-aa5234
Convert 5a780 (base 12) to base 10.
122064
-20c79 (base 13) to base 16
-e772
Convert -12100022001 (base 3) to base 10.
-105193
Convert -40100231 (base 5) to base 9.
-531037
Convert -b8b33 (base 14) to base 8.
-1550411
Convert 69741 (base 11) to base 2.
11000100101101101
What is 4115222 (base 6) in base 4?
300003332
-13312603 (base 7) to base 3
-2022111122111
-387611 (base 15) to base 11
-158a714
What is -10cdc8 (base 15) in base 6?
-25113312
Convert -809639 (base 10) to base 2.
-11000101101010100111
Convert 10130340 (base 10) to base 4.
212221032210
Convert -225733 (base 11) to base 6.
-11405402
Convert -2011021001021 (base 3) to base 15.
-179ba1
Convert 1101010120212 (base 3) to base 4.
2302130012
-1000111010000100000010 (base 2) to base 7
-25563342
Convert -58311 (base 16) to base 2.
-1011000001100010001
What is -24535305 (base 6) in base 10?
-790457
-2465152 (base 7) to base 3
-121012012221
9d274e (base 16) to base 11
58a4a52
What is 1421431240 (base 5) in base 14?
6c5218
What is -58703 (base 10) in base 14?
-17571
What is -40432431 (base 6) in base 3?
-2011200211001
Convert -1827281 (base 11) to base 2.
-1011110100100100010011
What is -318587 (base 13) in base 14?
-223148
Convert 2a55626 (base 12) to base 10.
8573502
150725 (base 8) to base 7
312416
What is 97938 (base 11) in base 4?
202232020
-1e4a28 (base 15) to base 5
-334441123
Convert -412544 (base 9) to base 5.
-30312120
-1205768 (base 12) to base 11
-1a76697
What is 2944781 (base 11) in base 15?
69d755
-d58aa (base 14) to base 7
-4243003
What is 179492 (base 14) in base 12?
341820
What is f940 (base 16) in base 2?
1111100101000000
Convert 1b5654 (base 12) to base 2.
1110110110001100000
What is 22151623 (base 7) in base 10?
1911850
-11597787 (base 10) to base 12
-3a73823
220111120 (base 4) to base 8
502530
-1fccc (base 16) to base 2
-11111110011001100
Convert -216463 (base 7) to base 3.
-1221120001
What is -1150331 (base 6) in base 10?
-61039
Convert 13014221 (base 5) to base 9.
212076
What is 12b542a (base 12) in base 7?
43425244
Convert 210321 (base 6) to base 15.
5064
-100011001001011110101 (base 2) to base 13
-3142cb
5142526 (base 7) to base 13
187285
-1246b3b (base 13) to base 15
-7787a5
What is 256444 (base 7) in base 9?
72637
Convert -35bb56 (base 12) to base 10.
-870834
What is 10870557 (base 9) in base 12?
1938181
-101111121012 (base 3) to base 7
-1520516
Convert 101735 (base 10) to base 7.
602414
4a696 (base 13) to base 5
13343401
What is -47828 (base 10) in base 6?
-1005232
What is -5f043d (base 16) in base 8?
-27602075
11111110000010101111011 (base 2) to base 10
8324475
What is 8a563 (base 14) in base 3?
122001200100
24705720 (base 8) to base 2
10100111000101111010000
Convert 11252432 (base 6) to base 12.
14a118
What is -1213112331 (base 4) in base 2?
-1100111010110111101
What is 7aa28 (base 16) in base 2?
1111010101000101000
-214cab (base 14) to base 5
-242040133
Convert -125543542 (base 7) to base 15.
-a9d81a
What is 1101110100100001000101 (base 2) in base 14?
6a4485
Convert -211003214 (base 5) to base 2.
-11010101101110101010
What is 20a5647 (base 12) in base 2?
10111100110111101010111
242757 (base 10) to base 8
732105
-44883 (base 11) to base 6
-1220403
-1547b0 (base 12) to base 3
-200022121020
8695743 (base 10) to base 14
1225007
What is -10111110100002 (base 3) in base 14?
-365799
111111010100100110101101 (base 2) to base 15
16cd564
What is 22201111201 (base 3) in base 6?
3402501
71674 (base 15) to base 7
3024154
Convert -10237 (base 16) to base 14.
-1a139
Convert 10011010110001000 (base 2) to base 10.
79240
Convert -203648 (base 10) to base 6.
-4210452
Convert -cd57 (base 14) to base 15.
-a803
Convert 827436 (base 9) to base 14.
cacd8
441302250 (base 6) to base 12
2794986
Convert 12ba4 (base 14) to base 13.
18052
Convert 420a7 (base 13) to base 2.
11100111111110111
-35762 (base 9) to base 3
-1012212002
-1312476 (base 8) to base 7
-3052503
Convert -10424 (base 11) to base 2.
-11101100101111
What is 1214020030 (base 6) in base 16?
d430b2
Convert -c906 (base 16) to base 7.
-303015
What is 10023211302 (base 4) in base 7?
12213324
What is 